 287. Determine h(-18).
-1
Let s(p) = -8968*p + 8. Give s(0).
8
Let w(m) = m**3 - 8*m**2 + 63*m - 239. What is w(5)?
1
Let u(k) = 2*k**2 - 30*k + 139. What is u(5)?
39
Let z(m) = -m**3 + 10*m**2 - 163*m + 830. Calculate z(6).
-4
Let n(y) = 9*y**2 + 7*y + 18. Determine n(-2).
40
Let t(z) = -108*z - 444. Determine t(-4).
-12
Let v(z) = z**3 + 8*z**2 + 42*z + 134. Determine v(-5).
-1
Let u(y) = -126*y + 8950. Calculate u(71).
4
Let k(a) = -62*a + 445. Give k(8).
-51
Let x(j) = -9*j**2 - 323*j + 48. Calculate x(-36).
12
Let c(h) = -2*h**3 + 38*h**2 + 132*h - 29. Give c(22).
-29
Let y(w) = 3*w**3 + 15*w**2 + 9*w + 3. Calculate y(-5).
-42
Let b(q) = 18*q + 296. Calculate b(-20).
-64
Let q(x) = 607*x**2 + 5462*x - 10. Calculate q(-9).
-1
Let t(u) = u**2 + 74*u + 473. What is t(-7)?
4
Let v(z) = -4*z**2 - 1799*z - 3600. Give v(-2).
-18
Let j(p) = -409*p - 22899. Give j(-56).
5
Let j(o) = 123*o + 3924. What is j(-32)?
-12
Let r(m) = -m**3 + 8*m**2 - 11*m + 67. Give r(7).
39
Let y(v) = 1628*v - 1607. Calculate y(1).
21
Let p(k) = 50*k**3 + 5*k**2 + 7*k - 9. Calculate p(1).
53
Let t(f) = -11*f + 270. Give t(30).
-60
Let j(s) = 127*s - 17782. Calculate j(140).
-2
Let y(j) = -4410*j - 22044. Give y(-5).
6
Let v(t) = t**3 + 437*t**2 - 2648*t - 62. What is v(6)?
-2
Let r(o) = 18*o**2 + 125*o - 126. What is r(1)?
17
Let y(k) = k**3 - 8*k**2 + 10*k - 6. Calculate y(8).
74
Let c(w) = 2*w**2 - 7*w + 123. Calculate c(6).
153
Let n(j) = -2*j**3 + 60*j**2 + 125*j + 90. Determine n(32).
-6
Let m(j) = -j**3 - 206*j**2 - 654*j - 9139. Calculate m(-203).
-4
Let i(q) = -13*q**2 - 813*q - 427. Determine i(-62).
7
Let q(i) = 1482*i + 1647. Calculate q(-1).
165
Let k(v) = -13*v + 816. Give k(58).
62
Let m(f) = 616*f - 3696. Calculate m(6).
0
Let p(j) = -j**3 - 11*j**2 + 76*j - 41. Give p(-16).
23
Let p(s) = -2*s**2 + 1564*s - 18471. What is p(12)?
9
Let u(h) = h**3 - 158*h**2 + 209*h - 8152. Determine u(157).
12
Let r(o) = 178*o - 16061. What is r(90)?
-41
Let v(m) = -5*m**3 - 32*m**2 + 25*m + 26. Give v(-7).
-2
Let d(f) = -6*f**3 - f**2 - 8*f + 8. Give d(0).
8
Let z(v) = -6*v**2 - 70*v - 25. Give z(-11).
19
Let i(o) = 2*o**3 - 57*o**2 + 84*o + 42. What is i(27)?
123
Let y(p) = 3384*p + 23742. Determine y(-7).
54
Let l(y) = 14*y + 347. Give l(-28).
-45
Let f(p) = -386*p - 5269. Determine f(-14).
135
Let q(n) = -n**3 + 37*n**2 - 141*n + 311. Give q(33).
14
Let j(w) = -w**2 - 44*w + 263. Determine j(7).
-94
Let i(j) = -j**3 - 126*j**2 - 147*j - 2742. Determine i(-125).
8
Let v(z) = -4629*z + 240704. What is v(52)?
-4
Let a(b) = b**3 - 66*b**2 + 248*b - 26. Give a(62).
-26
Let a(k) = -k**3 - 9*k**2 - 10*k - 9. Give a(-5).
-59
Let u(k) = 19*k**3 - 5*k + 5. Give u(1).
19
Let h(p) = -5*p**2 - 340*p - 668. Calculate h(-66).
-8
Let d(i) = -94*i + 1779. What is d(18)?
87
Let x(i) = i**3 + 11*i**2 + 90*i + 297. Calculate x(-5).
-3
Let v(y) = 121*y + 1673. What is v(-14)?
-21
Let d(v) = v**3 - 16*v**2 - 135*v + 284. Determine d(22).
218
Let y(i) = 9*i**2 - 42*i + 18. Calculate y(4).
-6
Let b(r) = r**3 + 6*r**2 + 6*r + 92. Give b(-7).
1
Let f(x) = -255*x - 39780. Calculate f(-156).
0
Let g(o) = 6*o**2 + 90*o - 69. What is g(-16)?
27
Let v(w) = w**2 - 323*w + 1890. What is v(6)?
-12
Let g(i) = -i**2 - 45*i + 5072. Determine g(53).
-122
Let h(p) = -3553*p - 8. Calculate h(0).
-8
Let h(c) = -18*c - 560. Determine h(-32).
16
Let a(t) = -t - 55. Calculate a(-6).
-49
Let y(p) = -8*p**3 - 2*p**2 - 6*p + 5. Determine y(1).
-11
Let v(r) = 2*r**2 - 26*r + 37. What is v(12)?
13
Let z(h) = -h**3 + 3*h**2 + 34*h + 22. Determine z(-4).
-2
Let r(l) = -165*l - 32. Give r(-1).
133
Let c(x) = 49*x + 1858. What is c(-61)?
-1131
Let z(f) = -3*f**3 - 46*f**2 + 49*f - 4. What is z(1)?
-4
Let l(z) = -436*z + 3721. Calculate l(9).
-203
Let l(w) = -31*w - 1373. What is l(-54)?
301
Let j(r) = 7*r - 164. Calculate j(4).
-136
Let i(k) = -k**2 - 43*k + 940. What is i(16)?
-4
Let a(y) = 13*y - 493. Give a(43).
66
Let f(m) = m**2 + 102*m - 647. What is f(6)?
1
Let b(y) = 4*y**3 + 341*y**2 + 82*y - 251. What is b(-85)?
4
Let v(p) = 2*p - 240. Calculate v(26).
-188
Let q(k) = -2*k**2 - 310*k - 9776. Calculate q(-111).
-8
Let x(j) = j**2 - 841*j + 41758. Give x(53).
-6
Let r(z) = -z**3 + 11*z**2 - 3*z - 86. Determine r(4).
14
Let k(u) = 5*u**2 + 204*u + 157. Determine k(-40).
-3
Let q(d) = d**3 + 93*d**2 - 393*d - 485. What is q(-97)?
0
Let c(m) = -m**3 + 2*m**2 - 5*m + 24. Calculate c(7).
-256
Let o(x) = -2*x**2 + 8*x - 14. What is o(-5)?
-104
Let x(t) = t**3 - 43*t**2 - 43*t - 79. Determine x(44).
-35
Let q(x) = 42*x + 68. Calculate q(-6).
-184
Let f(z) = 10108*z - 20202. Determine f(2).
14
Let w(u) = -2*u**3 - 58*u**2 + 297*u + 8621. Give w(-29).
8
Let f(w) = 7*w**2 + 163*w + 301. Determine f(-21).
-35
Let f(o) = 2*o**2 + 660*o - 1986. Determine f(3).
12
Let n(m) = 7*m + 33. Give n(-21).
-114
Let a(w) = 193*w + 29. Calculate a(-1).
-164
Let s(t) = -34*t + 282. Calculate s(11).
-92
Let s(k) = -2*k**2 - 400*k - 1935. Determine s(-195).
15
Let w(l) = -l**3 - 78*l**2 - 74*l + 221. Give w(-77).
-10
Let l(y) = -14*y - 79. What is l(0)?
-79
Let y(l) = l**3 - 9*l**2 + 19*l - 43. What is y(7)?
-8
Let n(l) = -4*l**3 + 8*l**2 - 190*l + 380. Determine n(2).
0
Let r(o) = 195*o + 9354. Give r(-48).
-6
Let k(o) = -5*o**3 + 43*o**2 + 8*o - 77. What is k(8)?
179
Let n(l) = l**2 + 23*l - 40. What is n(-23)?
-40
Let p(u) = -252*u - 4532. Calculate p(-18).
4
Let a(m) = 37*m + 118. Determine a(-2).
44
Let g(k) = 39*k**3 - 10*k**2 - 7*k + 4. Determine g(-1).
-38
Let c(s) = 13778*s + 13781. Calculate c(-1).
3
Let o(n) = -79*n - 7420. What is o(-94)?
6
Let f(t) = 45*t**2 + 189*t + 6. Determine f(-4).
-30
Let l(p) = -47*p + 203. Calculate l(6).
-79
Let w(q) = 52*q**2 - 20*q + 65. Determine w(4).
817
Let a(k) = 2*k**3 + 31*k**2 - 23*k + 61. Give a(-16).
173
Let s(f) = f**2 + 48*f - 13590. Calculate s(-143).
-5
Let u(w) = -22*w - 200. What is u(-11)?
42
Let n(f) = 311*f + 1226. Determine n(-4).
-18
Let b(z) = -92*z - 269. Determine b(-3).
7
Let i(z) = -2*z**3 + 17*z**2 - 54*z + 64. Give i(4).
-8
Let o(j) = -418*j + 5864. What is o(14)?
12
Let h(p) = 43*p**2 - 365*p + 27. What is h(9)?
225
Let i(t) = -98*t + 3075. Determine i(32).
-61
Let v(n) = 8*n**3 - 23*n**2 + 16*n - 28. Determine v(3).
29
Let h(o) = o**2 - 19*o - 135. What is h(22)?
-69
Let i(o) = -31*o**3 + 616*o**2 + 83*o - 34. Calculate i(20).
26
Let n(g) = 123*g + 1054. Give n(-9).
-53
Let t(k) = k**3 - 77*k**2 - 678*k - 178. Determine t(85).
-8
Let t(x) = -2*x**2 + 41*x - 72. What is t(16)?
72
Let p(x) = -16*x**2 + 5*x + 26. Give p(0).
26
Let j(g) = 2*g**3 + 3*g**2 + 2*g - 133. Determine j(0).
-133
Let p(t) = -2*t**3 + 23*t**2 - 66*t + 17. Calculate p(7).
-4
Let g(q) = q**3 + 3*q**2 + 36*q + 71. Determine g(-2).
3
Let y(v) = 54*v - 530. Determine y(11).
64
Let i(s) = -13*s**3 - 17*s**2 - 41*s - 9. Determine i(-2).
109
Let l(r) = -r**3 - 27*r**2 + 10*r + 319. Calculate l(-27).
49
Let h(g) = 38*g + 246. Calculate h(-5).
56
Let s(f) = 48*f - 1049. Calculate s(22).
7
Let y(h) = -66*h + 894. Determine y(13).
36
Let y(k) = -k**2 - 60*k - 750. Determine y(-18).
6
Let f(w) = -99*w + 886. What is f(14)?
-500
Let z(q) = 9*q**3 + 205*q**2 - 47*q - 15. Give z(-23).
8
Let m(r) = -270*r - 41582. Give m(-154).
-2
Let s(x) = 3*x**3 - 17*x**2 - 15*x + 31. Give s(8).
359
Let o(l) = -l**3 + 88*l**2 - 81*l - 520. Determine o(87).
2
Let j(h) = 27*h**2 + 19*h + 22. Calculate j(-2).
92
Let u(h) = -20*h - 44. What is u(-2)?
-4
Let a(u) = -u**3 + 2*u**2 + 171*u - 41. What is a(14)?
1
Let z(t) = 153*t - 27690. Determine z(181).
3
Let r(t) = 11*t**2 - 44*t. Calculate r(4).
0
Let c(y) = -21*y**2 - 352*y - 1482. Determine c(-8).
-10
Let h(k) = -k**3 + 7*k**2 + 12*k + 8. Give h(-1).
4
Let j(r) = -8876*r - 53264. Give j(-6).
-8
Let d(y) = 2*y**2 + 27*y + 80. Determine d(-9).
-1
Let p(k) = -k**2 - 73*k - 315. What is p(-69)?
-39
Let f(v) = 58*v - 378. Determine f(7).
28
Let q(u) = -12*u**2 - 6. Give q(2).
-54
Let i(m) = 14*m**2 - 46*m - 2. Determine i(-3).
262
Let l(f) = f**3 - 72*f**2 - 151*f - 59. What is l(74)?
-281
Let z(m) = -5*m**2 + 119*m + 44. Give z(24).
20
Let u(b) = -b**2 - 7*b - 269. What is u(0)?
-269
Let p(j) = 44*j**2 + 60*j + 11. Determine p(-2).
67
Let u(l) = 11*l**2 - 98. Determine u(3).
1
L